{"id":1114,"date":"2022-11-25T22:18:29","date_gmt":"2022-11-25T22:18:29","guid":{"rendered":"https:\/\/www.nadine-schittenhelm.de\/wp_foto_schittenhelm\/?page_id=1114"},"modified":"2026-04-15T09:58:03","modified_gmt":"2026-04-15T09:58:03","slug":"gallerie","status":"publish","type":"page","link":"https:\/\/www.nadine-schittenhelm.de\/wp_foto_schittenhelm\/gallery\/masonry\/gallerie\/","title":{"rendered":"Galerie"},"content":{"rendered":"<section class=\"wpb-content-wrapper\"><p>[vc_row css=&#8221;.vc_custom_1524742523088{padding-top: 15px !important;}&#8221;][vc_column][vc_custom_heading text=&#8221;Galerie&#8221; use_theme_fonts=&#8221;yes&#8221;]<div class=\"portfolio-block\"><div class=\"filter-button-group tal\"><div class=\"wrap\"><button data-filter=\"*\" class=\"active\">All<\/button><button data-filter=\".category-business\">Business<\/button><button data-filter=\".category-familien\">Familien<\/button><button data-filter=\".category-hochzeit\">Hochzeit<\/button><button data-filter=\".category-kids\">Kids<\/button><button data-filter=\".category-musiker\">Musiker<\/button><button data-filter=\".category-new-born\">New Born<\/button><button data-filter=\".category-portraits\">Portraits<\/button><button data-filter=\".category-schulkids\">Schulkids<\/button><\/div><\/div><div class=\"portfolio-items row portfolio-type-masonry gap-on cols-2 portfolio-5ae1b93cafd6c popup-gallery load-wrap\"><div class=\"grid-sizer col-xs-1\"><\/div><article class=\"portfolio-item category-musiker popup-item col-xs-12 col-sm-6 col-md-6\"><div class=\"wrap  wpb_animate_when_almost_visible wpb_fadeInUp fadeInUp\"><div class=\"a-img\"><img width=\"1024\" height=\"711\" src=\"https:\/\/www.nadine-schittenhelm.de\/wp_foto_schittenhelm\/wp-content\/uploads\/2022\/11\/Musiker_quer_komp9-1024x711.jpg\" alt=\"Sophie - CD Covershoot\"><\/div><h6><span class=\"cell\">Sophie - CD Covershoot<\/span><\/h6><\/div><a href=\"https:\/\/www.nadine-schittenhelm.de\/wp_foto_schittenhelm\/wp-content\/uploads\/2022\/11\/Musiker_quer_komp9.jpg\" class=\"link\" data-size=\"2075x1440\" data-id=\"1\"><span><\/span><\/a><\/article><article class=\"portfolio-item category-hochzeit popup-item col-xs-12 col-sm-6 col-md-6\"><div class=\"wrap  wpb_animate_when_almost_visible wpb_fadeInUp fadeInUp\"><div class=\"a-img\"><img width=\"711\" height=\"1024\" src=\"https:\/\/www.nadine-schittenhelm.de\/wp_foto_schittenhelm\/wp-content\/uploads\/2022\/11\/HZ_Weber_hoch3_komp9-711x1024.jpg\" alt=\"Schloss Thurnau\"><\/div><h6><span class=\"cell\">Schloss Thurnau<\/span><\/h6><\/div><a href=\"https:\/\/www.nadine-schittenhelm.de\/wp_foto_schittenhelm\/wp-content\/uploads\/2022\/11\/HZ_Weber_hoch3_komp9.jpg\" class=\"link\" data-size=\"1000x1440\" data-id=\"2\"><span><\/span><\/a><\/article><article class=\"portfolio-item category-new-born popup-item col-xs-12 col-sm-6 col-md-6\"><div class=\"wrap  wpb_animate_when_almost_visible wpb_fadeInUp fadeInUp\"><div class=\"a-img\"><img width=\"711\" height=\"1024\" src=\"https:\/\/www.nadine-schittenhelm.de\/wp_foto_schittenhelm\/wp-content\/uploads\/2022\/11\/22_Bilderhoch15-711x1024.jpg\" alt=\"NEW BORN - Gatsby\"><\/div><h6><span class=\"cell\">NEW BORN - Gatsby<\/span><\/h6><\/div><a href=\"https:\/\/www.nadine-schittenhelm.de\/wp_foto_schittenhelm\/wp-content\/uploads\/2022\/11\/22_Bilderhoch15.jpg\" class=\"link\" data-size=\"1000x1440\" data-id=\"3\"><span><\/span><\/a><\/article><article class=\"portfolio-item category-new-born popup-item col-xs-12 col-sm-6 col-md-6\"><div class=\"wrap  wpb_animate_when_almost_visible wpb_fadeInUp fadeInUp\"><div class=\"a-img\"><img width=\"1024\" height=\"711\" src=\"https:\/\/www.nadine-schittenhelm.de\/wp_foto_schittenhelm\/wp-content\/uploads\/2026\/04\/26_Bilderquer34-1024x711.jpg\" alt=\"New Born - Naturt\u00f6ne gr\u00fcn\"><\/div><h6><span class=\"cell\">New Born - Naturt\u00f6ne gr\u00fcn<\/span><\/h6><\/div><a href=\"https:\/\/www.nadine-schittenhelm.de\/wp_foto_schittenhelm\/wp-content\/uploads\/2026\/04\/26_Bilderquer34-scaled.jpg\" class=\"link\" data-size=\"2560x1777\" data-id=\"4\"><span><\/span><\/a><\/article><article class=\"portfolio-item category-new-born popup-item col-xs-12 col-sm-6 col-md-6\"><div class=\"wrap  wpb_animate_when_almost_visible wpb_fadeInUp fadeInUp\"><div class=\"a-img\"><img width=\"1024\" height=\"711\" src=\"https:\/\/www.nadine-schittenhelm.de\/wp_foto_schittenhelm\/wp-content\/uploads\/2026\/04\/26_Bilderquer35-1024x711.jpg\" alt=\"New Born - Naturt\u00f6ne gr\u00fcn\"><\/div><h6><span class=\"cell\">New Born - Naturt\u00f6ne gr\u00fcn<\/span><\/h6><\/div><a href=\"https:\/\/www.nadine-schittenhelm.de\/wp_foto_schittenhelm\/wp-content\/uploads\/2026\/04\/26_Bilderquer35-scaled.jpg\" class=\"link\" data-size=\"2560x1777\" data-id=\"5\"><span><\/span><\/a><\/article><article class=\"portfolio-item category-musiker popup-item col-xs-12 col-sm-6 col-md-6\"><div class=\"wrap  wpb_animate_when_almost_visible wpb_fadeInUp fadeInUp\"><div class=\"a-img\"><img width=\"711\" height=\"1024\" src=\"https:\/\/www.nadine-schittenhelm.de\/wp_foto_schittenhelm\/wp-content\/uploads\/2022\/11\/22_Bilderhoch_Andy-711x1024.jpg\" alt=\"Andreas Sack\"><\/div><h6><span class=\"cell\">Andreas Sack<\/span><\/h6><\/div><a href=\"https:\/\/www.nadine-schittenhelm.de\/wp_foto_schittenhelm\/wp-content\/uploads\/2022\/11\/22_Bilderhoch_Andy.jpg\" class=\"link\" data-size=\"1000x1440\" data-id=\"6\"><span><\/span><\/a><\/article><article class=\"portfolio-item category-musiker popup-item col-xs-12 col-sm-6 col-md-6\"><div class=\"wrap  wpb_animate_when_almost_visible wpb_fadeInUp fadeInUp\"><div class=\"a-img\"><img width=\"1024\" height=\"510\" src=\"https:\/\/www.nadine-schittenhelm.de\/wp_foto_schittenhelm\/wp-content\/uploads\/2023\/04\/Musiker_Beatroot2-1024x510.jpg\" alt=\"Beatroot unplugged\"><\/div><h6><span class=\"cell\">Beatroot unplugged<\/span><\/h6><\/div><a href=\"https:\/\/www.nadine-schittenhelm.de\/wp_foto_schittenhelm\/wp-content\/uploads\/2023\/04\/Musiker_Beatroot2-scaled.jpg\" class=\"link\" data-size=\"2560x1276\" data-id=\"7\"><span><\/span><\/a><\/article><article class=\"portfolio-item category-musiker popup-item col-xs-12 col-sm-6 col-md-6\"><div class=\"wrap  wpb_animate_when_almost_visible wpb_fadeInUp fadeInUp\"><div class=\"a-img\"><img width=\"711\" height=\"1024\" src=\"https:\/\/www.nadine-schittenhelm.de\/wp_foto_schittenhelm\/wp-content\/uploads\/2022\/11\/Musiker_hoch3-711x1024.jpg\" alt=\"Christine set the scene\"><\/div><h6><span class=\"cell\">Christine set the scene<\/span><\/h6><\/div><a href=\"https:\/\/www.nadine-schittenhelm.de\/wp_foto_schittenhelm\/wp-content\/uploads\/2022\/11\/Musiker_hoch3.jpg\" class=\"link\" data-size=\"1000x1440\" data-id=\"8\"><span><\/span><\/a><\/article><\/div><div class=\"loadmore-button-block tac\">\r\n          <a class=\"loadmore-button button-style1\" data-type=\"masonry\" data-action=\"portfolio\" data-array=\"[{&quot;id&quot;:1519,&quot;cat&quot;:[&quot;schulkids&quot;]},{&quot;id&quot;:1233,&quot;cat&quot;:[&quot;musiker&quot;]},{&quot;id&quot;:1234,&quot;cat&quot;:[&quot;musiker&quot;]},{&quot;id&quot;:1263,&quot;cat&quot;:[&quot;hochzeit&quot;]},{&quot;id&quot;:1264,&quot;cat&quot;:[&quot;hochzeit&quot;]},{&quot;id&quot;:1265,&quot;cat&quot;:[&quot;hochzeit&quot;]},{&quot;id&quot;:1262,&quot;cat&quot;:[&quot;hochzeit&quot;]},{&quot;id&quot;:1267,&quot;cat&quot;:[&quot;hochzeit&quot;]},{&quot;id&quot;:1268,&quot;cat&quot;:[&quot;hochzeit&quot;]},{&quot;id&quot;:1269,&quot;cat&quot;:[&quot;hochzeit&quot;]},{&quot;id&quot;:1270,&quot;cat&quot;:[&quot;hochzeit&quot;]},{&quot;id&quot;:1271,&quot;cat&quot;:[&quot;hochzeit&quot;]},{&quot;id&quot;:1272,&quot;cat&quot;:[&quot;hochzeit&quot;]},{&quot;id&quot;:1273,&quot;cat&quot;:[&quot;hochzeit&quot;]},{&quot;id&quot;:1274,&quot;cat&quot;:[&quot;hochzeit&quot;]},{&quot;id&quot;:1277,&quot;cat&quot;:[&quot;hochzeit&quot;]},{&quot;id&quot;:1278,&quot;cat&quot;:[&quot;hochzeit&quot;]},{&quot;id&quot;:1279,&quot;cat&quot;:[&quot;hochzeit&quot;]},{&quot;id&quot;:1280,&quot;cat&quot;:[&quot;hochzeit&quot;]},{&quot;id&quot;:1282,&quot;cat&quot;:[&quot;hochzeit&quot;]},{&quot;id&quot;:1283,&quot;cat&quot;:[&quot;hochzeit&quot;]},{&quot;id&quot;:1284,&quot;cat&quot;:[&quot;familien&quot;]},{&quot;id&quot;:1295,&quot;cat&quot;:[&quot;familien&quot;]},{&quot;id&quot;:1296,&quot;cat&quot;:[&quot;familien&quot;]},{&quot;id&quot;:1297,&quot;cat&quot;:[&quot;familien&quot;]},{&quot;id&quot;:1298,&quot;cat&quot;:[&quot;familien&quot;]},{&quot;id&quot;:1299,&quot;cat&quot;:[&quot;familien&quot;]},{&quot;id&quot;:1300,&quot;cat&quot;:[&quot;familien&quot;]},{&quot;id&quot;:1301,&quot;cat&quot;:[&quot;familien&quot;]},{&quot;id&quot;:1302,&quot;cat&quot;:[&quot;familien&quot;]},{&quot;id&quot;:1303,&quot;cat&quot;:[&quot;familien&quot;]},{&quot;id&quot;:1841,&quot;cat&quot;:[&quot;new-born&quot;]},{&quot;id&quot;:1304,&quot;cat&quot;:[&quot;portraits&quot;]},{&quot;id&quot;:1317,&quot;cat&quot;:[&quot;portraits&quot;]},{&quot;id&quot;:1319,&quot;cat&quot;:[&quot;portraits&quot;]},{&quot;id&quot;:1840,&quot;cat&quot;:[&quot;new-born&quot;]},{&quot;id&quot;:1321,&quot;cat&quot;:[&quot;portraits&quot;]},{&quot;id&quot;:1322,&quot;cat&quot;:[&quot;portraits&quot;]},{&quot;id&quot;:1323,&quot;cat&quot;:[&quot;portraits&quot;]},{&quot;id&quot;:1324,&quot;cat&quot;:[&quot;portraits&quot;]},{&quot;id&quot;:1325,&quot;cat&quot;:[&quot;portraits&quot;]},{&quot;id&quot;:1326,&quot;cat&quot;:[&quot;portraits&quot;]},{&quot;id&quot;:1327,&quot;cat&quot;:[&quot;portraits&quot;]},{&quot;id&quot;:1842,&quot;cat&quot;:[&quot;new-born&quot;]},{&quot;id&quot;:1844,&quot;cat&quot;:[&quot;new-born&quot;]},{&quot;id&quot;:1344,&quot;cat&quot;:[&quot;business&quot;]},{&quot;id&quot;:1345,&quot;cat&quot;:[&quot;business&quot;]},{&quot;id&quot;:1346,&quot;cat&quot;:[&quot;business&quot;]},{&quot;id&quot;:1838,&quot;cat&quot;:[&quot;new-born&quot;]},{&quot;id&quot;:1347,&quot;cat&quot;:[&quot;business&quot;]},{&quot;id&quot;:1348,&quot;cat&quot;:[&quot;business&quot;]},{&quot;id&quot;:1349,&quot;cat&quot;:[&quot;business&quot;]},{&quot;id&quot;:1350,&quot;cat&quot;:[&quot;business&quot;]},{&quot;id&quot;:1351,&quot;cat&quot;:[&quot;business&quot;]},{&quot;id&quot;:1839,&quot;cat&quot;:[&quot;new-born&quot;]},{&quot;id&quot;:1352,&quot;cat&quot;:[&quot;business&quot;]},{&quot;id&quot;:1845,&quot;cat&quot;:[&quot;new-born&quot;]},{&quot;id&quot;:1353,&quot;cat&quot;:[&quot;business&quot;]},{&quot;id&quot;:1846,&quot;cat&quot;:[&quot;new-born&quot;]},{&quot;id&quot;:1354,&quot;cat&quot;:[&quot;business&quot;]},{&quot;id&quot;:1355,&quot;cat&quot;:[&quot;business&quot;]},{&quot;id&quot;:1356,&quot;cat&quot;:[&quot;business&quot;]},{&quot;id&quot;:1357,&quot;cat&quot;:[&quot;new-born&quot;]},{&quot;id&quot;:1405,&quot;cat&quot;:[&quot;new-born&quot;]},{&quot;id&quot;:1408,&quot;cat&quot;:[&quot;new-born&quot;]},{&quot;id&quot;:1409,&quot;cat&quot;:[&quot;new-born&quot;]},{&quot;id&quot;:1235,&quot;cat&quot;:[&quot;musiker&quot;]},{&quot;id&quot;:1407,&quot;cat&quot;:[&quot;new-born&quot;]},{&quot;id&quot;:1412,&quot;cat&quot;:[&quot;new-born&quot;]},{&quot;id&quot;:1413,&quot;cat&quot;:[&quot;new-born&quot;]},{&quot;id&quot;:1414,&quot;cat&quot;:[&quot;new-born&quot;]},{&quot;id&quot;:1415,&quot;cat&quot;:[&quot;new-born&quot;]},{&quot;id&quot;:1417,&quot;cat&quot;:[&quot;new-born&quot;]},{&quot;id&quot;:1418,&quot;cat&quot;:[&quot;new-born&quot;]},{&quot;id&quot;:1419,&quot;cat&quot;:[&quot;new-born&quot;]},{&quot;id&quot;:1420,&quot;cat&quot;:[&quot;new-born&quot;]},{&quot;id&quot;:1422,&quot;cat&quot;:[&quot;new-born&quot;]},{&quot;id&quot;:1423,&quot;cat&quot;:[&quot;new-born&quot;]},{&quot;id&quot;:1425,&quot;cat&quot;:[&quot;new-born&quot;]},{&quot;id&quot;:1426,&quot;cat&quot;:[&quot;new-born&quot;]},{&quot;id&quot;:1428,&quot;cat&quot;:[&quot;new-born&quot;]},{&quot;id&quot;:1429,&quot;cat&quot;:[&quot;new-born&quot;]},{&quot;id&quot;:1430,&quot;cat&quot;:[&quot;new-born&quot;]},{&quot;id&quot;:1432,&quot;cat&quot;:[&quot;kids&quot;]},{&quot;id&quot;:1480,&quot;cat&quot;:[&quot;kids&quot;]},{&quot;id&quot;:1495,&quot;cat&quot;:[&quot;kids&quot;]},{&quot;id&quot;:1494,&quot;cat&quot;:[&quot;kids&quot;]},{&quot;id&quot;:1497,&quot;cat&quot;:[&quot;kids&quot;]},{&quot;id&quot;:1496,&quot;cat&quot;:[&quot;kids&quot;]},{&quot;id&quot;:1499,&quot;cat&quot;:[&quot;kids&quot;]},{&quot;id&quot;:1498,&quot;cat&quot;:[&quot;kids&quot;]},{&quot;id&quot;:1481,&quot;cat&quot;:[&quot;kids&quot;]},{&quot;id&quot;:1482,&quot;cat&quot;:[&quot;kids&quot;]},{&quot;id&quot;:1483,&quot;cat&quot;:[&quot;kids&quot;]},{&quot;id&quot;:1484,&quot;cat&quot;:[&quot;kids&quot;]},{&quot;id&quot;:1485,&quot;cat&quot;:[&quot;kids&quot;]},{&quot;id&quot;:1486,&quot;cat&quot;:[&quot;kids&quot;]},{&quot;id&quot;:1487,&quot;cat&quot;:[&quot;kids&quot;]},{&quot;id&quot;:1488,&quot;cat&quot;:[&quot;kids&quot;]},{&quot;id&quot;:1489,&quot;cat&quot;:[&quot;kids&quot;]},{&quot;id&quot;:1490,&quot;cat&quot;:[&quot;kids&quot;]},{&quot;id&quot;:1492,&quot;cat&quot;:[&quot;kids&quot;]},{&quot;id&quot;:1493,&quot;cat&quot;:[&quot;kids&quot;]},{&quot;id&quot;:1500,&quot;cat&quot;:[&quot;kids&quot;]},{&quot;id&quot;:1501,&quot;cat&quot;:[&quot;kids&quot;]},{&quot;id&quot;:1502,&quot;cat&quot;:[&quot;kids&quot;]},{&quot;id&quot;:1503,&quot;cat&quot;:[&quot;kids&quot;]},{&quot;id&quot;:1504,&quot;cat&quot;:[&quot;kids&quot;]},{&quot;id&quot;:1505,&quot;cat&quot;:[&quot;kids&quot;]},{&quot;id&quot;:1506,&quot;cat&quot;:[&quot;kids&quot;]},{&quot;id&quot;:1507,&quot;cat&quot;:[&quot;kids&quot;]},{&quot;id&quot;:1508,&quot;cat&quot;:[&quot;kids&quot;]},{&quot;id&quot;:1509,&quot;cat&quot;:[&quot;kids&quot;]},{&quot;id&quot;:1510,&quot;cat&quot;:[&quot;kids&quot;]},{&quot;id&quot;:1511,&quot;cat&quot;:[&quot;kids&quot;]},{&quot;id&quot;:1512,&quot;cat&quot;:[&quot;kids&quot;]},{&quot;id&quot;:1513,&quot;cat&quot;:[&quot;kids&quot;]},{&quot;id&quot;:1514,&quot;cat&quot;:[&quot;kids&quot;]},{&quot;id&quot;:1515,&quot;cat&quot;:[&quot;kids&quot;]},{&quot;id&quot;:1590,&quot;cat&quot;:[&quot;kids&quot;]},{&quot;id&quot;:1516,&quot;cat&quot;:[&quot;kids&quot;]},{&quot;id&quot;:1517,&quot;cat&quot;:[&quot;kids&quot;]},{&quot;id&quot;:1518,&quot;cat&quot;:[&quot;kids&quot;]},{&quot;id&quot;:1561,&quot;cat&quot;:[&quot;schulkids&quot;]},{&quot;id&quot;:1562,&quot;cat&quot;:[&quot;schulkids&quot;]},{&quot;id&quot;:1563,&quot;cat&quot;:[&quot;schulkids&quot;]},{&quot;id&quot;:1564,&quot;cat&quot;:[&quot;schulkids&quot;]},{&quot;id&quot;:1565,&quot;cat&quot;:[&quot;schulkids&quot;]},{&quot;id&quot;:1566,&quot;cat&quot;:[&quot;schulkids&quot;]},{&quot;id&quot;:1567,&quot;cat&quot;:[&quot;schulkids&quot;]},{&quot;id&quot;:1568,&quot;cat&quot;:[&quot;schulkids&quot;]},{&quot;id&quot;:1569,&quot;cat&quot;:[&quot;schulkids&quot;]},{&quot;id&quot;:1571,&quot;cat&quot;:[&quot;schulkids&quot;]},{&quot;id&quot;:1572,&quot;cat&quot;:[&quot;schulkids&quot;]},{&quot;id&quot;:1574,&quot;cat&quot;:[&quot;schulkids&quot;]},{&quot;id&quot;:1575,&quot;cat&quot;:[&quot;schulkids&quot;]},{&quot;id&quot;:1576,&quot;cat&quot;:[&quot;schulkids&quot;]},{&quot;id&quot;:1577,&quot;cat&quot;:[&quot;schulkids&quot;]},{&quot;id&quot;:1578},{&quot;id&quot;:1579,&quot;cat&quot;:[&quot;schulkids&quot;]},{&quot;id&quot;:1580,&quot;cat&quot;:[&quot;schulkids&quot;]},{&quot;id&quot;:1581,&quot;cat&quot;:[&quot;schulkids&quot;]},{&quot;id&quot;:1582,&quot;cat&quot;:[&quot;schulkids&quot;]},{&quot;id&quot;:1583,&quot;cat&quot;:[&quot;schulkids&quot;]},{&quot;id&quot;:1584,&quot;cat&quot;:[&quot;schulkids&quot;]},{&quot;id&quot;:1585,&quot;cat&quot;:[&quot;schulkids&quot;]},{&quot;id&quot;:1586,&quot;cat&quot;:[&quot;schulkids&quot;]},{&quot;id&quot;:1588,&quot;cat&quot;:[&quot;schulkids&quot;]},{&quot;id&quot;:1587,&quot;cat&quot;:[&quot;schulkids&quot;]},{&quot;id&quot;:900,&quot;cat&quot;:[&quot;musiker&quot;]},{&quot;id&quot;:1230,&quot;cat&quot;:[&quot;musiker&quot;]},{&quot;id&quot;:880,&quot;cat&quot;:[&quot;musiker&quot;]},{&quot;id&quot;:901,&quot;cat&quot;:[&quot;musiker&quot;]}]\" data-count=\"8\" data-atts=\"{&quot;uniq_id&quot;:&quot;5ae1b93cafd6c&quot;,&quot;count_items&quot;:&quot;8&quot;,&quot;type&quot;:&quot;masonry&quot;,&quot;gap&quot;:&quot;on&quot;,&quot;cols&quot;:&quot;2&quot;,&quot;popup_mode&quot;:&quot;on&quot;,&quot;filter_buttons&quot;:&quot;on&quot;,&quot;filter_buttons_align&quot;:&quot;tal&quot;,&quot;navigation&quot;:&quot;load_more&quot;,&quot;show_heading&quot;:&quot;on&quot;,&quot;orderby&quot;:&quot;post__in&quot;,&quot;order&quot;:&quot;ASC&quot;,&quot;source&quot;:&quot;&quot;,&quot;items&quot;:&quot;&quot;,&quot;categories&quot;:&quot;&quot;,&quot;animation&quot;:&quot;fadeInUp&quot;}\" data-magic-cursor=\"link\">\r\n            <span>Load more<\/span>\r\n          <\/a>\r\n        <\/div><\/div>[\/vc_column][\/vc_row]<\/p>\n<\/section>","protected":false},"excerpt":{"rendered":"<p>[vc_row css=&#8221;.vc_custom_1524742523088{padding-top: 15px !important;}&#8221;][vc_column][vc_custom_heading text=&#8221;Galerie&#8221; use_theme_fonts=&#8221;yes&#8221;][\/vc_column][\/vc_row]<\/p>\n","protected":false},"author":1,"featured_media":0,"parent":264,"menu_order":0,"comment_status":"closed","ping_status":"closed","template":"template-landing.php","meta":[],"acf":[],"yoast_head":"<!-- This site is optimized with the Yoast SEO plugin v19.10 - https:\/\/yoast.com\/wordpress\/plugins\/seo\/ -->\n<title>Galerie - Nadine Schittenhelm Grafik &amp; Fotodesign<\/title>\n<meta name=\"description\" content=\"Nadine Schittenhelm Grafik &amp; Fotodesign. Ihre mobile Fotografin im Raum Thurnau Kasendorf, Bayreuth und Bamberg. Mit Blick f\u00fcr das besondere Motiv, Kreativit\u00e4t, Gesp\u00fcr f\u00fcr \u00c4sthetik, Geduld und Feingef\u00fchl mit den kleinen Pers\u00f6nlichkeiten vor der Kamera.\" \/>\n<meta name=\"robots\" content=\"index, follow, max-snippet:-1, max-image-preview:large, max-video-preview:-1\" \/>\n<link rel=\"canonical\" href=\"https:\/\/www.nadine-schittenhelm.de\/wp_foto_schittenhelm\/gallery\/masonry\/gallerie\/\" \/>\n<meta property=\"og:locale\" content=\"en_US\" \/>\n<meta property=\"og:type\" content=\"article\" \/>\n<meta property=\"og:title\" content=\"Galerie - Nadine Schittenhelm Grafik &amp; Fotodesign\" \/>\n<meta property=\"og:description\" content=\"Nadine Schittenhelm Grafik &amp; Fotodesign. Ihre mobile Fotografin im Raum Thurnau Kasendorf, Bayreuth und Bamberg. Mit Blick f\u00fcr das besondere Motiv, Kreativit\u00e4t, Gesp\u00fcr f\u00fcr \u00c4sthetik, Geduld und Feingef\u00fchl mit den kleinen Pers\u00f6nlichkeiten vor der Kamera.\" \/>\n<meta property=\"og:url\" content=\"https:\/\/www.nadine-schittenhelm.de\/wp_foto_schittenhelm\/gallery\/masonry\/gallerie\/\" \/>\n<meta property=\"og:site_name\" content=\"Nadine Schittenhelm Grafik &amp; Fotodesign\" \/>\n<meta property=\"article:modified_time\" content=\"2026-04-15T09:58:03+00:00\" \/>\n<meta name=\"twitter:card\" content=\"summary_large_image\" \/>\n<meta name=\"twitter:label1\" content=\"Est. reading time\" \/>\n\t<meta name=\"twitter:data1\" content=\"1 minute\" \/>\n<script type=\"application\/ld+json\" class=\"yoast-schema-graph\">{\"@context\":\"https:\/\/schema.org\",\"@graph\":[{\"@type\":\"WebPage\",\"@id\":\"https:\/\/www.nadine-schittenhelm.de\/wp_foto_schittenhelm\/gallery\/masonry\/gallerie\/\",\"url\":\"https:\/\/www.nadine-schittenhelm.de\/wp_foto_schittenhelm\/gallery\/masonry\/gallerie\/\",\"name\":\"Galerie - Nadine Schittenhelm Grafik &amp; Fotodesign\",\"isPartOf\":{\"@id\":\"https:\/\/www.nadine-schittenhelm.de\/wp_foto_schittenhelm\/#website\"},\"datePublished\":\"2022-11-25T22:18:29+00:00\",\"dateModified\":\"2026-04-15T09:58:03+00:00\",\"description\":\"Nadine Schittenhelm Grafik & Fotodesign. Ihre mobile Fotografin im Raum Thurnau Kasendorf, Bayreuth und Bamberg. Mit Blick f\u00fcr das besondere Motiv, Kreativit\u00e4t, Gesp\u00fcr f\u00fcr \u00c4sthetik, Geduld und Feingef\u00fchl mit den kleinen Pers\u00f6nlichkeiten vor der Kamera.\",\"breadcrumb\":{\"@id\":\"https:\/\/www.nadine-schittenhelm.de\/wp_foto_schittenhelm\/gallery\/masonry\/gallerie\/#breadcrumb\"},\"inLanguage\":\"en-US\",\"potentialAction\":[{\"@type\":\"ReadAction\",\"target\":[\"https:\/\/www.nadine-schittenhelm.de\/wp_foto_schittenhelm\/gallery\/masonry\/gallerie\/\"]}]},{\"@type\":\"BreadcrumbList\",\"@id\":\"https:\/\/www.nadine-schittenhelm.de\/wp_foto_schittenhelm\/gallery\/masonry\/gallerie\/#breadcrumb\",\"itemListElement\":[{\"@type\":\"ListItem\",\"position\":1,\"name\":\"Home\",\"item\":\"https:\/\/www.nadine-schittenhelm.de\/wp_foto_schittenhelm\/\"},{\"@type\":\"ListItem\",\"position\":2,\"name\":\"Gallery\",\"item\":\"https:\/\/www.nadine-schittenhelm.de\/wp_foto_schittenhelm\/gallery\/\"},{\"@type\":\"ListItem\",\"position\":3,\"name\":\"Masonry\",\"item\":\"https:\/\/www.nadine-schittenhelm.de\/wp_foto_schittenhelm\/gallery\/masonry\/\"},{\"@type\":\"ListItem\",\"position\":4,\"name\":\"Galerie\"}]},{\"@type\":\"WebSite\",\"@id\":\"https:\/\/www.nadine-schittenhelm.de\/wp_foto_schittenhelm\/#website\",\"url\":\"https:\/\/www.nadine-schittenhelm.de\/wp_foto_schittenhelm\/\",\"name\":\"Nadine Schittenhelm Grafik &amp; Fotodesign\",\"description\":\"Nadine Schittenhelm Grafik &amp; Fotodesign\",\"potentialAction\":[{\"@type\":\"SearchAction\",\"target\":{\"@type\":\"EntryPoint\",\"urlTemplate\":\"https:\/\/www.nadine-schittenhelm.de\/wp_foto_schittenhelm\/?s={search_term_string}\"},\"query-input\":\"required name=search_term_string\"}],\"inLanguage\":\"en-US\"}]}<\/script>\n<!-- \/ Yoast SEO plugin. -->","yoast_head_json":{"title":"Galerie - Nadine Schittenhelm Grafik &amp; Fotodesign","description":"Nadine Schittenhelm Grafik & Fotodesign. Ihre mobile Fotografin im Raum Thurnau Kasendorf, Bayreuth und Bamberg. Mit Blick f\u00fcr das besondere Motiv, Kreativit\u00e4t, Gesp\u00fcr f\u00fcr \u00c4sthetik, Geduld und Feingef\u00fchl mit den kleinen Pers\u00f6nlichkeiten vor der Kamera.","robots":{"index":"index","follow":"follow","max-snippet":"max-snippet:-1","max-image-preview":"max-image-preview:large","max-video-preview":"max-video-preview:-1"},"canonical":"https:\/\/www.nadine-schittenhelm.de\/wp_foto_schittenhelm\/gallery\/masonry\/gallerie\/","og_locale":"en_US","og_type":"article","og_title":"Galerie - Nadine Schittenhelm Grafik &amp; Fotodesign","og_description":"Nadine Schittenhelm Grafik & Fotodesign. Ihre mobile Fotografin im Raum Thurnau Kasendorf, Bayreuth und Bamberg. Mit Blick f\u00fcr das besondere Motiv, Kreativit\u00e4t, Gesp\u00fcr f\u00fcr \u00c4sthetik, Geduld und Feingef\u00fchl mit den kleinen Pers\u00f6nlichkeiten vor der Kamera.","og_url":"https:\/\/www.nadine-schittenhelm.de\/wp_foto_schittenhelm\/gallery\/masonry\/gallerie\/","og_site_name":"Nadine Schittenhelm Grafik &amp; Fotodesign","article_modified_time":"2026-04-15T09:58:03+00:00","twitter_card":"summary_large_image","twitter_misc":{"Est. reading time":"1 minute"},"schema":{"@context":"https:\/\/schema.org","@graph":[{"@type":"WebPage","@id":"https:\/\/www.nadine-schittenhelm.de\/wp_foto_schittenhelm\/gallery\/masonry\/gallerie\/","url":"https:\/\/www.nadine-schittenhelm.de\/wp_foto_schittenhelm\/gallery\/masonry\/gallerie\/","name":"Galerie - Nadine Schittenhelm Grafik &amp; Fotodesign","isPartOf":{"@id":"https:\/\/www.nadine-schittenhelm.de\/wp_foto_schittenhelm\/#website"},"datePublished":"2022-11-25T22:18:29+00:00","dateModified":"2026-04-15T09:58:03+00:00","description":"Nadine Schittenhelm Grafik & Fotodesign. Ihre mobile Fotografin im Raum Thurnau Kasendorf, Bayreuth und Bamberg. Mit Blick f\u00fcr das besondere Motiv, Kreativit\u00e4t, Gesp\u00fcr f\u00fcr \u00c4sthetik, Geduld und Feingef\u00fchl mit den kleinen Pers\u00f6nlichkeiten vor der Kamera.","breadcrumb":{"@id":"https:\/\/www.nadine-schittenhelm.de\/wp_foto_schittenhelm\/gallery\/masonry\/gallerie\/#breadcrumb"},"inLanguage":"en-US","potentialAction":[{"@type":"ReadAction","target":["https:\/\/www.nadine-schittenhelm.de\/wp_foto_schittenhelm\/gallery\/masonry\/gallerie\/"]}]},{"@type":"BreadcrumbList","@id":"https:\/\/www.nadine-schittenhelm.de\/wp_foto_schittenhelm\/gallery\/masonry\/gallerie\/#breadcrumb","itemListElement":[{"@type":"ListItem","position":1,"name":"Home","item":"https:\/\/www.nadine-schittenhelm.de\/wp_foto_schittenhelm\/"},{"@type":"ListItem","position":2,"name":"Gallery","item":"https:\/\/www.nadine-schittenhelm.de\/wp_foto_schittenhelm\/gallery\/"},{"@type":"ListItem","position":3,"name":"Masonry","item":"https:\/\/www.nadine-schittenhelm.de\/wp_foto_schittenhelm\/gallery\/masonry\/"},{"@type":"ListItem","position":4,"name":"Galerie"}]},{"@type":"WebSite","@id":"https:\/\/www.nadine-schittenhelm.de\/wp_foto_schittenhelm\/#website","url":"https:\/\/www.nadine-schittenhelm.de\/wp_foto_schittenhelm\/","name":"Nadine Schittenhelm Grafik &amp; Fotodesign","description":"Nadine Schittenhelm Grafik &amp; Fotodesign","potentialAction":[{"@type":"SearchAction","target":{"@type":"EntryPoint","urlTemplate":"https:\/\/www.nadine-schittenhelm.de\/wp_foto_schittenhelm\/?s={search_term_string}"},"query-input":"required name=search_term_string"}],"inLanguage":"en-US"}]}},"_links":{"self":[{"href":"https:\/\/www.nadine-schittenhelm.de\/wp_foto_schittenhelm\/wp-json\/wp\/v2\/pages\/1114"}],"collection":[{"href":"https:\/\/www.nadine-schittenhelm.de\/wp_foto_schittenhelm\/wp-json\/wp\/v2\/pages"}],"about":[{"href":"https:\/\/www.nadine-schittenhelm.de\/wp_foto_schittenhelm\/wp-json\/wp\/v2\/types\/page"}],"author":[{"embeddable":true,"href":"https:\/\/www.nadine-schittenhelm.de\/wp_foto_schittenhelm\/wp-json\/wp\/v2\/users\/1"}],"replies":[{"embeddable":true,"href":"https:\/\/www.nadine-schittenhelm.de\/wp_foto_schittenhelm\/wp-json\/wp\/v2\/comments?post=1114"}],"version-history":[{"count":4,"href":"https:\/\/www.nadine-schittenhelm.de\/wp_foto_schittenhelm\/wp-json\/wp\/v2\/pages\/1114\/revisions"}],"predecessor-version":[{"id":1835,"href":"https:\/\/www.nadine-schittenhelm.de\/wp_foto_schittenhelm\/wp-json\/wp\/v2\/pages\/1114\/revisions\/1835"}],"up":[{"embeddable":true,"href":"https:\/\/www.nadine-schittenhelm.de\/wp_foto_schittenhelm\/wp-json\/wp\/v2\/pages\/264"}],"wp:attachment":[{"href":"https:\/\/www.nadine-schittenhelm.de\/wp_foto_schittenhelm\/wp-json\/wp\/v2\/media?parent=1114"}],"curies":[{"name":"wp","href":"https:\/\/api.w.org\/{rel}","templated":true}]}}